t of v(10)?
5
Let i(a) = -a**3 + 12*a**2 + 17*a - 2. Let n be i(13). Let y = n - 48. Suppose -5*j + 0*j = 3*c - 284, -y*j = -c - 118. What is the units digit of j?
8
Let q(r) be the second derivative of -r**5/20 - 5*r**4/12 + r**3/6 - 6*r**2 - 67*r - 2. What is the tens digit of q(-10)?
7
Let u = 530 - 297. Let m = 270 - u. What is the units digit of m?
7
Let a(f) = 6*f**3 - 30*f**2 + 148*f - 122. What is the ten thousands digit of a(20)?
3
Suppose -5*n + 4*d = -98016, -n = -251*d + 240*d - 19644. What is the hundreds digit of n?
6
Let g be (5 - 3)/(10/((-15)/3)). What is the units digit of (g - -35)*12*(-42)/(-48)?
7
Suppose 170 = 8*c + 730. Let u = c - -417. What is the units digit of u?
7
Let g(t) = -t + 12. Let q(s) = -s**2 + 6*s - 18. Let p be -1 + -1 - 1/((-3)/24). Let l be q(p). What is the units digit of g(l)?
0
Suppose -l = -2*u - 208, 4*l - u - 1049 = -l. Suppose v - l = 11. What is the tens digit of v?
2
Suppose 300 = -w - 5*l + 1010, 0 = 2*w - 3*l - 1368. Let p = -394 + w. What is the tens digit of p?
9
Let y(q) = q**2 - 12*q + 38. Let n be y(8). Let d(i) = 69*i + 318. What is the units digit of d(n)?
2
Let d(b) = b - 3. Let x be d(-2). Let l(o) = o**3 + 4*o**2 - 3*o + 7. Let h be l(x). What is the units digit of 1 + -218*h/(-6)*-1?
0
Suppose 2 + 3 = -5*z, 5*q - 4*z - 249 = 0. Let w = q - -56. What is the tens digit of w?
0
Let m(f) = -f**3 + 47*f**2 + 22*f + 152. What is the thousands digit of m(46)?
3
Suppose -v - 3*y = -2130, 5*v - 10710 = -24*y + 21*y. Suppose 53*q + v = 56*q. What is the hundreds digit of q?
7
Let l(f) = 24*f + 208*f**2 + 20 - 1 - 5*f + 57*f**2. What is the tens digit of l(-1)?
6
Let n(h) be the second derivative of 4*h**3 - 85*h**2 + h + 51. What is the units digit of n(31)?
4
Let r = -299 - -1607. What is the units digit of r?
8
What is the thousands digit of 36/(-3) - -28617 - (-4 + 8)?
8
Suppose -4*s + 5*g + 100567 = 0, 3*s + 2*g + 50770 = 126155. What is the units digit of s?
3
Let w be 304/57*(-3)/(-4). Suppose -w*i + 3*h - 704 = -5*i, 0 = -5*i - 3*h + 3508. What is the tens digit of i?
0
Let x be ((-4)/3)/(210/6345)*-7. Suppose -x = 4*u - 874. What is the hundreds digit of u?
1
Let x be 1*1/2*384/(-4). Let p be (228/x)/((5/12)/(-5)). Suppose -400 = 53*m - p*m. What is the units digit of m?
0
What is the tens digit of ((-37980)/(-9) - -4)*(-3)/(2 + -5)?
2
Suppose v - 21*b - 4425 = -18*b, 0 = -v + 5*b + 4429. What is the thousands digit of v?
4
Suppose 2*y = 3*z - 12, 6*z + 5*y - 8 = 4*z. Suppose z*b - 7*b = 1629. Let f = -306 - b. What is the hundreds digit of f?
2
Let z be (-3 + 5)/((-1)/43). Let m = 121 - z. Suppose 4*y - m = -3*u, 2*y + 53 = u - 2*y. What is the units digit of u?
5
What is the tens digit of 18271568/616 - 12/(-33)?
6
Suppose -5*k - 2*t - t + 28 = 0, -3*k - 2*t + 17 = 0. Let r = k + -10. Let z(v) = -23*v + 12. What is the hundreds digit of z(r)?
1
Let m = 114 - -21. What is the hundreds digit of 27/9*1*m?
4
Suppose -34*d + 825 = -39*d. Let c be ((-228)/(-10))/((-22)/d). What is the tens digit of (26*-1)/((-18)/c)?
4
Let b be (-8)/((-2)/2*6/(-15)). Let u be (b/4 - -1)*-1. Suppose -v - 444 = -5*p - 4*v, -4*p = u*v - 352. What is the tens digit of p?
9
Suppose 435*o = 404*o + 395870. What is the ten thousands digit of o?
1
Suppose 2178735 = 216*m + 41*m - 70786. What is the thousands digit of m?
8
Let r = -76 + 65. Let s(l) = -29*l + 4. What is the tens digit of s(r)?
2
Suppose 2564*n - 68071 = 2559*n + 3*t, -2*n + 5*t + 27255 = 0. What is the tens digit of n?
1
Suppose -51*m + 14*m + 48260 = -17*m. What is the units digit of m?
3
Let b(m) = -6793*m + 4137. What is the units digit of b(-7)?
8
Suppose 5107*p = 5076*p + 840317. What is the hundreds digit of p?
1
Let c(z) = -5*z**2 - 42*z - 9. Let p = 94 - 101. What is the units digit of c(p)?
0
Suppose -444 = 71*n - 72*n - z, 5*n - 2227 = 2*z. What is the units digit of n?
5
What is the thousands digit of (-21)/(-7)*(-627170)/(-30)?
2
Let k = 745 + -755. What is the thousands digit of (k/4 + 1)*(-805 + -61)?
1
Let x(a) = -a + 31. Let j be x(29). Suppose 4*v - 392 = -z, 5*z + 3*v = j*z + 1149. What is the units digit of z?
0
Suppose -57*r + 63*r = 24. Suppose -r*p + 2962 = p - q, 3*q = -5*p + 2954. What is the units digit of p?
2
Let o be 34/((2 + -1)/((-30)/(-12))). Suppose -o + 25 = 4*j. What is the units digit of j/5 - ((-24)/(-2))/(-3)?
1
Let w = 21 - 25. Let a(p) = -26*p**2 + 2*p + 4. Let v be a(w). Let g = -240 - v. What is the units digit of g?
0
Suppose 5*j - 4*j = 486. Let x be (9/(-81)*-12)/((-2)/(-3)). Suppose 3*g - j = -z, -g + 167 = 4*z - x*z. What is the tens digit of g?
6
Let o = -2652 + 827. What is the hundreds digit of (-2 - -4)/(-2 + o/(-910))?
3
Suppose -18 = -11*q + 15. Let t be 1/((-5)/(-2340)*q). Suppose 154*x + 262 = t*x. What is the units digit of x?
1
Let q(h) be the third derivative of h**4/24 + 2*h**3 - 22*h**2. Let a be q(-7). Suppose o + m = 83, 2*m = a*o + 6*m - 415. What is the units digit of o?
3
Suppose 0 = -2*a - j - 3*j + 16, 16 = -2*a + 4*j. Let r be 3*85 + 315/45. Suppose 2*b - r = 5*h, -b - 4*b - 4*h + 589 = a. What is the hundreds digit of b?
1
Let a = -11 + 470. What is the hundreds digit of a?
4
Let z = 8609 + -4351. What is the units digit of z?
8
Let n = -4332 - -4897. What is the tens digit of n?
6
Let j = -27431 - -38648. What is the hundreds digit of j?
2
Suppose 87*i - 107*i = -253460. What is the ten thousands digit of i?
1
What is the thousands digit of (-1278036)/(-126) + 3/(-21)?
0
Suppose -4*a = 3*p - 138, 5*p - 42 - 188 = -5*a. Suppose 45*o = p*o - 437. What is the tens digit of o?
3
Let r(i) = 3*i**2 + 3 - 4 + i - 6 + 1. Let w be r(0). Let p(l) = l**3 + 8*l**2 + 7*l + 18. What is the units digit of p(w)?
8
Suppose 3*m = 4*h + 21493 - 88022, -h - 2*m + 16635 = 0. What is the units digit of h?
3
Let s = -101 - -103. Suppose -1540 = -4*x + 4*z, -3*x = z - s*z - 1153. What is the tens digit of x?
8
Let h(g) be the second derivative of -24*g**2 - 11/6*g**3 + 1/12*g**4 + 15*g + 0. What is the tens digit of h(20)?
3
Let j be (11 + -245)/(436/448 - 1). Suppose 3*z - j = -18*z. What is the tens digit of z?
1
Let n = -7652 - -17126. What is the thousands digit of n?
9
Let a be ((-68)/(-8))/(-17)*4/1. What is the tens digit of 3455/10 - (7/a + 4)?
4
Let t(y) = y. Let w(u) = -7*u - 49. Let d(c) = -6*t(c) - w(c). Let p(n) = 3*n**2 + 50*n + 14. Let v be p(-16). What is the units digit of d(v)?
1
Let i(c) = 20 + 10*c**2 - 8*c**2 - 2*c**2 + 7*c + c**2. Let p be i(-8). Suppose 6*o + p = 1000. What is the units digit of o?
2
Suppose 35*j - 40818 = 22809 + 109203. What is the tens digit of j?
3
Suppose 264563 + 5700 = 16*b - 52697. What is the hundreds digit of b?
1
Let n = 579 - -411. Suppose -n = -4*c - 66. What is the hundreds digit of c?
2
Suppose 396844 + 1795673 = 49*t - 64962. What is the units digit of t?
1
Let d(r) = 2*r + 14. Let b(s) = -3*s - 2. Let l(c) = 10*c + 7. Let z(t) = -7*b(t) - 2*l(t). Let j be z(6). What is the tens digit of d(j)?
2
Let n = 26027 - -6202. What is the hundreds digit of n?
2
Suppose 207*x - 1514773 = 10530557. What is the thousands digit of x?
8
Let g = -328 - -338. What is the units digit of (4/g)/((-36)/(-4680))?
2
Suppose 4*g + 591 + 129 = 4*t, 898 = 5*t - 4*g. Suppose 171*c + 497 = t*c. What is the units digit of c?
1
Let w = 258 + 47. Suppose -22*y + 27*y - w = 0. What is the units digit of y?
1
Suppose -3*v - 60 = 3*g, -2*g = v + 3 + 15. What is the tens digit of (-568)/v - (-1 - 63/(-77))?
2
Let d = 16 + -1. Suppose -60 = -5*x - d. Suppose 2*c - a = 91, -2*a - x = a. What is the tens digit of c?
4
Suppose -v = -s + 35 - 125, 4*s = -4*v - 360. What is the tens digit of (-3)/18 + (-4695)/s?
5
Suppose -x = 5*j - 16, 2*j = 2*x - x - 16. Let q be ((-12)/(-20))/(1 + x/(-15)). What is the units digit of 40/3*q/(-2)?
0
Let q(t) be the first derivative of -t**4/4 - 22*t**3/3 + 17*t**2 - 75*t - 141. What is the hundreds digit of q(-25)?
9
Let p(k) = -k**3 + 19*k**2 - 22*k + 60. Let r be p(18). Let g(o) = -o**2 - 9*o + 69. What is the units digit of g(r)?
3
Suppose 5 = 5*x - 5*m, x + 1 - 2 = -2*m. What is the units digit of (x/(-2))/((-9)/(-14850)*-5)?
5
Let b = -95 + 108. Let o(m) = m**2 - 13*m + 51. What is the tens digit of o(b)?
5
Let c be (-6)/(-63) - (-575904)/441